53
What are the prime factors of 72878171?
72878171
List the prime factors of 122492084.
2, 11, 13, 214147
List the prime factors of 314321656.
2, 11, 67, 89, 599
What are the prime factors of 744921796?
2, 186230449
What are the prime factors of 1308418?
2, 654209
List the prime factors of 384467309.
1091, 352399
What are the prime factors of 1485693122?
2, 167, 4448183
List the prime factors of 273729534.
2, 3, 13, 3509353
What are the prime factors of 8025426?
2, 3, 331, 449
What are the prime factors of 5008182100?
2, 5, 821, 61001
List the prime factors of 431574976.
2, 7, 353, 2729
List the prime factors of 31898165.
5, 13, 490741
What are the prime factors of 46520388?
2, 3, 463, 2791
What are the prime factors of 42542541?
3, 283, 16703
List the prime factors of 1288687166.
2, 13, 6761, 7331
List the prime factors of 71743460.
2, 5, 131, 139, 197
What are the prime factors of 34770130?
2, 5, 29, 47, 2551
What are the prime factors of 1546217272?
2, 37, 5223707
What are the prime factors of 493779851?
41, 1061, 11351
List the prime factors of 46340059.
46340059
What are the prime factors of 5524299819?
3, 204603697
What are the prime factors of 1145537055?
3, 5, 13, 1958183
What are the prime factors of 1061995328?
2, 16593677
List the prime factors of 122471002.
2, 29, 47, 44927
What are the prime factors of 157675089?
3, 11, 13, 367541
List the prime factors of 1197559558.
2, 13, 151, 305033
List the prime factors of 114090396.
2, 3, 7, 23, 59053
List the prime factors of 1326013547.
61, 101, 137, 1571
List the prime factors of 508158242.
2, 29, 127, 149, 463
What are the prime factors of 2939441?
211, 13931
List the prime factors of 181003837.
7, 25857691
What are the prime factors of 4239332356?
2, 7, 151404727
List the prime factors of 42602812.
2, 7, 223, 6823
List the prime factors of 509408864.
2, 31, 53, 9689
What are the prime factors of 86390021?
109, 229, 3461
What are the prime factors of 135157334?
2, 13, 31, 61, 2749
List the prime factors of 4295352975.
3, 5, 3467, 16519
What are the prime factors of 1258427476?
2, 314606869
List the prime factors of 242784940.
2, 5, 12139247
What are the prime factors of 1707903463?
7, 5399, 45191
List the prime factors of 188801296.
2, 23, 513047
List the prime factors of 895547167.
251, 3567917
List the prime factors of 23612444.
2, 23, 11159
List the prime factors of 2188642309.
7, 10859, 28793
What are the prime factors of 271045386?
2, 3, 23, 218233
What are the prime factors of 4251736745?
5, 701, 1213049
List the prime factors of 12398015.
5, 7, 17, 67, 311
What are the prime factors of 386310293?
386310293
List the prime factors of 47411989.
31, 1529419
What are the prime factors of 689998323?
3, 7, 769, 42727
List the prime factors of 7033452476.
2, 29, 79, 767509
List the prime factors of 5668423979.
10301, 550279
List the prime factors of 2841783304.
2, 355222913
List the prime factors of 2747576329.
17, 161622137
What are the prime factors of 709232699?
7, 149, 679993
What are the prime factors of 6162883306?
2, 3081441653
List the prime factors of 1571225118.
2, 3, 261870853
What are the prime factors of 1827008195?
5, 365401639
What are the prime factors of 195130870?
2, 5, 11, 1773917
What are the prime factors of 315149306?
2, 103, 1529851
List the prime factors of 296928795.
3, 5, 19795253
What are the prime factors of 153717866?
2, 19, 1129, 3583
List the prime factors of 7647043783.
37, 41, 5040899
What are the prime factors of 4615901812?
2, 17, 29, 2340721
List the prime factors of 300991094.
2, 113, 269, 4951
List the prime factors of 3673351916.
2, 13, 67, 83, 12703
What are the prime factors of 94733829?
3, 19, 131, 4229
List the prime factors of 292869788.
2, 103, 710849
List the prime factors of 257749549.
1307, 197207
List the prime factors of 1453462901.
11, 132132991
List the prime factors of 56152298.
2, 67, 419047
What are the prime factors of 162138575?
5, 6485543
What are the prime factors of 2081882428?
2, 191, 673, 4049
List the prime factors of 421071889.
7, 60153127
What are the prime factors of 68387845?
5, 43, 179, 1777
What are the prime factors of 789218503?
137, 5760719
List the prime factors of 1752200627.
1752200627
What are the prime factors of 2332509149?
8087, 288427
What are the prime factors of 8544477774?
2, 3, 7, 203439947
What are the prime factors of 215355071?
61, 173, 20407
List the prime factors of 18686684.
2, 4671671
List the prime factors of 49703354.
2, 19, 31, 42193
What are the prime factors of 8977039?
8977039
What are the prime factors of 2063070102?
2, 3, 343845017
What are the prime factors of 1375325793?
3, 152813977
List the prime factors of 47529687.
3, 15843229
What are the prime factors of 114621065?
5, 13, 1763401
What are the prime factors of 3222242483?
10433, 308851
What are the prime factors of 2371438922?
2, 5209, 227629
What are the prime factors of 2227990928?
2, 163, 827, 1033
What are the prime factors of 2650779658?
2, 1325389829
What are the prime factors of 3268961080?
2, 5, 7, 11, 59, 17989
List the prime factors of 40682103.
3, 7, 11, 139, 181
What are the prime factors of 115944130?
2, 5, 107, 108359
What are the prime factors of 158850853?
7, 2753, 8243
What are the prime factors of 69972821?
69972821
What are the prime factors of 2732179027?
2732179027
What are the prime factors of 6542891?
31, 211061
List the prime factors of 68986158.
2, 3, 359, 32027
List the prime factors of 1140330812.
2, 269, 1059787
What are the prime factors of 135003076?
2, 13, 2596213
What are the prime factors of 108683744?
2, 13, 137, 1907
What are the prime factors of 132771416?
2, 16596427
What are the prime factors of 61036417?
13, 19, 61, 4051
What are the prime factors of 7734912512?
2, 23, 701, 937
List the prime factors of 152065227.
3, 19, 37, 72103
List the prime factors of 169361296.
2, 13, 814237
What are the prime factors of 362292262?
2, 47, 79, 48787
List the prime factors of 144594623.
144594623
List the prime factors of 80520849.
3, 29, 308509
List the prime factors of 111760750.
2, 5, 59, 7577
What are the prime factors of 44062638?
2, 3, 97, 75709
What are the prime factors of 35857363?
35857363
List the prime factors of 519068617.
73, 857, 8297
List the prime factors of 1262968755.
3, 5, 23, 487, 7517
What are the prime factors of 1842807496?
2, 37, 6225701
What are the prime factors of 191473055?
5, 313, 122347
List the prime factors of 178931235.
3, 5, 7, 619, 2753
What are the prime factors of 1092998438?
2, 7, 78071317
List the prime factors of 153686418.
2, 3, 25614403
What are the prime factors of 77292992?
2, 7, 503
What are the prime factors of 158744821?
158744821
What are the prime factors of 1061415884?
2, 3617, 73363
What are the prime factors of 4545040739?
4545040739
What are the prime factors of 73348024?
2, 43, 79, 2699
What are the prime factors of 192054647?
192054647
What are the prime factors of 11692765?
5, 7, 439, 761
What are the prime factors of 100862854?
2, 50431427
List the prime factors of 1785981962.
2, 892990981
What are the prime factors of 164889024?
2, 3, 23, 37339
List the prime factors of 140312322.
2, 3, 17, 61, 7517
What are the prime factors of 16335070?
2, 5, 907, 1801
What are the prime factors of 5194125945?
3, 5, 5711, 6737
What are the prime factors of 600240909?
3, 200080303
What are the prime factors of 1090440047?
1090440047
What are the prime factors of 237194684?
2, 113, 193, 2719
What are the prime factors of 482922804?
2, 3, 7, 13, 442237
What are the prime factors of 346331666?
2, 113, 233, 6577
What are the prime factors of 1626532547?
139, 11701673
List the prime factors of 482121361.
139, 3468499
What are the prime factors of 2085986?
2, 7, 37, 4027
List the prime factors of 21034391.
7, 3004913
List the prime factors of 1440719026.
2, 17, 42374089
List the prime factors of 4098859497.
3, 1171, 129641
List the prime factors of 141515916.
2, 3, 11792993
List the prime factors of 1655706221.
13, 23, 5537479
List the prime factors of 29510334.
2, 3, 7, 17, 23, 599
What are the prime factors of 36786672?
2, 3, 13, 43, 457
List the prime factors of 732911152.
2, 45806947
What are the prime factors of 64184752?
2, 223, 17989
List the prime factors of